t w(u) = -2*u**3 + 34*u**2. Let b be w(17). Suppose b = -17*h + 435 - 44. What is the greatest common divisor of h and 276?
23
Let q = -13179 + 24114. What is the highest common factor of q and 15?
15
Suppose 5*j - y = -264, -29*j + 215 = -33*j - 3*y. Let d be 654/10 + 9/15. Let r = j + d. What is the greatest common factor of r and 143?
13
Suppose 0 = 4*n - 2746 - 3218. Let c be (2 - 1) + 200/10. Calculate the greatest common factor of c and n.
21
Let v(y) = y**2 - 24*y - 195. Let z be v(-11). Let o = 275 - z. What is the highest common factor of 34 and o?
17
Let w be 35/(-5)*(4 - 9). Suppose 5*f = 235 + w. Suppose 0*v - v = -12. Calculate the greatest common factor of v and f.
6
Let k(c) = 22*c - 2. Let z = -27 + 18. Let v = z + 10. Let i be k(v). What is the greatest common divisor of 4 and i?
4
Let w be 33 - 4/(-12)*0. Let q = 34 - w. Suppose -9 = -5*z + q. What is the greatest common factor of z and 14?
2
Let p(q) = 41*q - 3064. Let m be p(75). Calculate the highest common factor of 11 and m.
11
Suppose 2*f + 777 = -5*h, 12*f - 390 = 13*f + h. Let p = -383 - f. What is the greatest common divisor of p and 116?
4
Let a(r) = 9*r - 39. Let p(s) = -s - 191*s**2 + 11 - s**3 - 192*s**2 + 389*s**2. Let k be p(6). Let c be a(k). Calculate the highest common divisor of c and 6.
6
Suppose -37 = 12*s + 35. Let o be 125/(-50)*s/(-15)*-26. What is the highest common factor of o and 39?
13
Let g = -432 - -625. Suppose -8*t - g = -913. Suppose 4*o - t = 4*s + 102, -o + 57 = -4*s. Calculate the highest common factor of 30 and o.
15
Let s(g) = -27*g + 2. Let t be s(-4). Suppose 0 = 9*d - 1475 + 575. Suppose 3*l - 130 = -d. Calculate the greatest common factor of l and t.
10
Let s = -9 - -20. Let j be (-264)/48*(-2 + -64)/3. Calculate the greatest common factor of j and s.
11
Suppose -15534*z + 15549*z = 23205. Calculate the highest common factor of z and 1309.
119
Let r(s) = 67*s**2 + 7*s + 27. Let a be r(-3). Suppose 0 = -4*j + 791 + a. Calculate the highest common divisor of j and 14.
14
Let n(x) = -2*x**3 - 4*x**2 - x - 5. Let h be n(-4). Let s be ((-9)/12)/((-12)/3024). What is the highest common divisor of h and s?
63
Suppose -3*d + 4*v + v - 853 = 0, 3*d - 3*v = -849. Let t = 311 + d. What is the greatest common factor of 75 and t?
15
Let q be ((-5)/(75/(-20)) - 2)*9. Let l be 77/14 + 3/q. Calculate the highest common divisor of 5 and l.
5
Let o = -685 + 694. Calculate the greatest common factor of 2169 and o.
9
Suppose 113 = -h + 117. Suppose h = 4*m - 56. Calculate the highest common factor of 9 and m.
3
Let v = 815 + -802. Suppose 22 = -5*z - 68. Let r be ((-312)/z)/((-2)/(-9)). What is the highest common factor of v and r?
13
Let p(w) = 2*w**2 + 54*w + 148. Let x be p(-24). Let r(u) = u**3 + 28. Let n be r(0). What is the highest common factor of x and n?
4
Let w(y) = 4*y**3 - 5*y**2 - 16*y + 36. Let m be w(2). What is the highest common divisor of m and 184?
8
Let t be -1 + 90 + (-4)/4. Let q be 14058/71*6/9. What is the highest common factor of t and q?
44
Let v(s) = 3*s**2 + 9*s + 8. Let h be ((-45)/18)/(3/6). Let r be v(h). Calculate the greatest common factor of r and 95.
19
Let g be ((-3)/(-2))/((8 + -2)/12). Let y be 0/g*(-2)/4. Suppose y = 6*w - 8*w + 44. What is the highest common divisor of 2 and w?
2
Let i be (1 + 37)/2 - 6/1. Let f(q) = q**3 + 12*q**2 + 4*q - 12. Let s be f(-12). Let v = -34 - s. Calculate the greatest common factor of i and v.
13
Let r(b) = 4*b + 12 - 49*b**2 + 11*b**3 + 37*b**2 - 10*b**3. Let t be r(12). Let y be 1*3*440/t. Calculate the highest common divisor of y and 242.
22
Suppose 3*v = -0*v + 213. Suppose 3*i = 4*o + v, 3*i - 36 = -o + 10. Suppose -39 + 187 = 3*n + b, b = -5*n + 250. What is the highest common divisor of n and i?
17
Let t(v) = v**3 - 8*v**2 + 4*v - 12. Let z be t(8). Let w = 594 - 582. Calculate the greatest common factor of w and z.
4
Suppose 145*t - 96*t = 1911. What is the greatest common factor of 1911 and t?
39
Let j(u) = -5*u**3 + 8*u - 6. Let d be j(-3). Let k be 35*(-12)/(-10)*7/2. What is the greatest common factor of d and k?
21
Let k = 34 - 24. Suppose -3*d + 18 = -3*x, 0*x - 3*x = -d + k. Suppose 769 + 671 = 24*a. Calculate the greatest common factor of d and a.
4
Let m(q) = q**3 - 30*q**2 + 66*q - 19. Let n be m(28). Let g = 529 - n. Calculate the highest common factor of 4 and g.
4
Suppose 5*o = -25, 8*d - 3*d + o = 375. Suppose 10 - d = -3*g. Suppose 0 = -402*f + 394*f + 352. What is the highest common factor of f and g?
22
Let c = 81 - 39. Suppose -15*w + 10*w + g + 531 = 0, 2*g - 303 = -3*w. What is the greatest common factor of w and c?
21
Suppose 270*s - 9175 = 17795 + 3810. Calculate the highest common divisor of 64 and s.
2
Let y(t) = 55*t + 2292. Let r be y(-15). What is the greatest common divisor of r and 9?
9
Let c(k) = -k**3 + 16*k**2 - 20*k + 128. Let b be c(11). Calculate the greatest common factor of b and 969.
57
Let b be 2428/(-12) + 4/(-6) + 0. Let x = b + 231. Suppose 748 = 3*w - 2*s, 4*w - 988 = -s + 6*s. What is the highest common divisor of x and w?
28
Let l be 120 - (26/169 + 1 + (-160)/26). Calculate the highest common divisor of 500 and l.
125
Suppose 3390 = -37*n + 9014. What is the greatest common divisor of 6 and n?
2
Let i = 11 + -7. Let r be ((56/3)/(-4))/(2/(-9)). Suppose -r*b = -17*b - 4. Calculate the greatest common factor of b and i.
1
Suppose -7*l - 3094 + 511 = 0. Let h = l - -375. What is the highest common factor of 12 and h?
6
Let h be ((-99)/2)/(-3)*26. Let n = -366 + h. Calculate the greatest common factor of 21 and n.
21
Let x(t) = -t + 4. Let n(b) = b - 4. Let p(m) = 4*n(m) + 3*x(m). Let k be p(3). Let s be (-3)/(k + (-16)/(-22)). What is the highest common divisor of 33 and s?
11
Suppose -6261 = -71*p + 5383. Calculate the greatest common divisor of 943 and p.
41
Let k be 48/18 + -2 + 12/9. Let j(b) = 7*b**2 - 11*b + 16. Let n be j(k). What is the highest common factor of 308 and n?
22
Let m be 140/(-14)*4*16*-4. Calculate the greatest common divisor of 80 and m.
80
Let b be (4 - 4/2)*(-1608)/(-16). Let t = b + -136. What is the highest common divisor of 39 and t?
13
Suppose -41 = -3*q + 2*g, -4*q + 16 = -g - 42. Let o = 13141 + -13136. Calculate the highest common factor of q and o.
5
Let b = 22306 + -22252. Calculate the highest common divisor of b and 180.
18
Suppose -15*a + 72 = -27*a. Let c = 106 - a. What is the highest common factor of 48 and c?
16
Suppose 4*j - 2*n = -7*n + 73, 72 = 3*j - 2*n. Suppose -m = 2*h - j, -m + 8 = -2*h - 6. Calculate the highest common divisor of 4 and m.
2
Let b be (-6 + -12 - -19)*22. What is the highest common divisor of 15202 and b?
22
Let k be (-480757)/(-133) + -26 + 1*2/7. Calculate the greatest common divisor of k and 74.
37
Suppose -5*q = 2*r + 95, 3*q + 5*r - 95 = 8*q. Let o = 47 + q. Suppose 2*t = -t + 4*w + 198, 4*t - 2*w - 274 = 0. What is the highest common divisor of o and t?
14
Let w = -397 - -572. Suppose 2*p - w = -j, 2*p - 190 = j + 3*j. Let f = p - 66. What is the highest common factor of 69 and f?
23
Let s be (70/(-42) - 3)*-420. What is the greatest common divisor of s and 168?
56
Suppose 108*q - 113*q = 3*f - 413, 3*f + 4*q - 412 = 0. Calculate the greatest common factor of f and 5814.
34
Suppose 0 = -3*w - u + 91906, -3*u + 22620 = 5*w - 130554. Calculate the highest common factor of 276 and w.
276
Let k(l) = -113*l**3 - 3*l**2 - 2*l. Let f = -82 + 81. Let w be k(f). What is the greatest common divisor of 28 and w?
28
Suppose 2*v + 190 = 5*d, 9*v + 200 = 5*d + 5*v. Let s = -89 - -5. Let c = 228 + s. What is the greatest common factor of c and d?
36
Suppose 4*g - 4*y - 432 = 0, 0*y - 2*y + 2 = 0. Suppose 2*c + 3*l - 85 = -0*l, -5*l - g = -2*c. What is the highest common factor of 141 and c?
47
Let b(u) = -6*u + 168. Let l be (-6 - (-4 + -1)) + 24. Let p be b(l). What is the highest common factor of p and 510?
30
Suppose -r + 80 = 5*t, -5*r + 8*t - 7*t = -452. Calculate the greatest common divisor of 2610 and r.
90
Let f be 380 - 0/(-10)*(-2)/4. What is the highest common divisor of f and 40?
20
Suppose 4*g - 52*q + 48*q = 188, 5*g + 4*q - 199 = 0. Suppose -312 = 17*i - g*i. What is the highest common divisor of 12 and i?
12
Let l = -2528 + 5478. What is the greatest common 